 factors of u.
2, 23, 59
Let c = -407 - -408. What are the prime factors of 2 - 60/(c + (-12)/8)?
2, 61
Suppose 5*x + 1623 = -417. Let m = x - -1274. Suppose -252 + m = 4*v - c, 0 = -4*v - c + 618. List the prime factors of v.
2, 7, 11
Let u(p) = 6*p**2 - 9*p**2 + 6*p**2 + 6*p - 2*p**2 - 2. Let g be u(4). What are the prime factors of 0 + 2 + g/(-4)*-2?
3, 7
Let v(q) be the third derivative of 13*q**4/24 + 185*q**3/3 + 5*q**2 + 1. What are the prime factors of v(-26)?
2
List the prime factors of (-2 + 11392)*(-16 + 9 - -8).
2, 5, 17, 67
Let u(k) = -18026*k - 215. List the prime factors of u(-3).
61, 883
Suppose -3*q - 32*m = -33*m - 4830, -5*q + 3*m + 8054 = 0. What are the prime factors of q?
1609
Let m be ((-84)/10)/(15/(-50)). Suppose -m = 24*a - 26*a. Suppose 0 = o + a - 76. What are the prime factors of o?
2, 31
List the prime factors of 5/(55/(-118162))*(-2)/4.
41, 131
Suppose -18*n - 12 = -48. Suppose 159 = n*c - 979. List the prime factors of c.
569
What are the prime factors of ((-6 - -7)*-178)/2*-57?
3, 19, 89
Let b(x) = -2036*x + 540. What are the prime factors of b(-6)?
2, 3, 1063
Let b(t) = -10*t**2 - 20*t + 3. Let o be b(-2). Let x(q) = 4*q**3 + 2*q**2 - 4*q - 4. What are the prime factors of x(o)?
2, 5, 11
Let q(y) = 53*y**2 - 8*y - 8. Let i be q(4). List the prime factors of ((-3)/6)/((-1620)/i + 2).
101
Let n(o) = 5*o. Let m(d) = -81*d. Let b(z) = 2*m(z) + 33*n(z). Let p be b(2). Suppose -p*j = -271 + 13. What are the prime factors of j?
43
Let y = 143 - 113. Let z = 84 + -52. Suppose -148 = -z*v + y*v. List the prime factors of v.
2, 37
Suppose 48222 = -59*m + 78*m. Suppose 27*n - m = 6075. What are the prime factors of n?
11, 29
Suppose 1223*r + 1643418 = 1244*r. What are the prime factors of r?
2, 3, 13043
Suppose 1170*q - 13305 = 1167*q. What are the prime factors of q?
5, 887
Suppose 0 = 2*i - 18*i + 16. What are the prime factors of (-244 - -3)/(9/(-6) + i)?
2, 241
Suppose 2*n - 38 = 5*v + 3*n, 15 = -3*v + 2*n. List the prime factors of (v - -9)/((12/1623)/2).
541
Suppose -6516 = -5*v + 4*s, -2744 = -4*v - 3*s + 2444. What are the prime factors of v/7 + 5 + 99/(-21)?
2, 3, 31
Let w(t) = 81*t**2 - 313*t + 12. List the prime factors of w(-20).
2, 2417
Suppose 64 - 79 = -5*s. Suppose 6*q = -4*x + 3*q + 4, -x + 1 = -s*q. What are the prime factors of 4692/60 - ((-8)/10 + x)?
2, 3, 13
Let q = -1 - -5. Let t = 1915 + -1925. What are the prime factors of t/(-1 - q) + 179?
181
Suppose 46*a - 46769 = -8865. Let v = -277 + a. What are the prime factors of v?
547
Let f = -575 + 623. Suppose -f*u + 735 = u. What are the prime factors of u?
3, 5
Suppose 8*z = 38*z - 30720. Let l = 2106 - z. List the prime factors of l.
2, 541
Let u(h) = 39*h**2 + 3*h + 1. Let c be u(2). Suppose -3*p - 334 = -115. Let y = c + p. What are the prime factors of y?
2, 3, 5
Suppose 4*n + 99643 = 7*z - 4*z, 4*n - 166125 = -5*z. What are the prime factors of z?
139, 239
Let h be (1/5)/((-8)/40). Let o(n) = -83*n**3 - n + 1. Let w be o(h). Let z = 149 - w. List the prime factors of z.
2
Suppose 0 = -z + 12*z + 110. Let a(f) = f**2 - f - 72. List the prime factors of a(z).
2, 19
Suppose -i + 2*x = -2649, 0 = -5*i + 4*i - 4*x + 2667. Suppose -38*r + i = -29*r. What are the prime factors of r?
5, 59
Let x(b) be the third derivative of 5/6*b**3 + 1/12*b**5 + 0*b - 1/4*b**4 + 0 + 18*b**2. What are the prime factors of x(4)?
61
Let v(o) = 32*o**2 - 5*o + 17. Let k be v(12). Suppose -8*z + k = 1749. List the prime factors of z.
2, 11
Let l = 69447 + -25759. List the prime factors of l.
2, 43, 127
Let g(b) = -b**3 + 10*b**2 + 2*b - 11. Let r(u) = -9*u**2 - u + 10. Let k(i) = -3*g(i) - 2*r(i). List the prime factors of k(5).
2, 17
Let g = 186 + -158. Suppose g*n - 30*n + 872 = 0. List the prime factors of n.
2, 109
Suppose 3*q + 4 = -41. What are the prime factors of 907 - (5/q*-12 + -8)?
911
Suppose -4*c + 5*i + 36 = -50, -2*c + 36 = i. Suppose 0 = -4*k + 5*p + 681, 4*p + 192 - c = k. List the prime factors of k.
13
Let c(s) = 2797*s**2 - 151*s + 29. What are the prime factors of c(3)?
24749
Let u = 109 - 104. Let q(i) = 62*i + 22. Let n be q(u). Suppose -n = 6*d - 10*d. List the prime factors of d.
83
Let x(j) = -1102*j + 2. Let u be 6/8 + (-3)/(2*-6). Let a be x(u). List the prime factors of a/(-20) + (-1 - 2).
2, 13
Suppose -61*t + 57*t + 192 = 0. Suppose t = -3*f + 7*f. List the prime factors of (3/f*-101)/(9/(-72)).
2, 101
Suppose -2*j + 3*j - 4*g - 4753 = 0, j - 4741 = 2*g. List the prime factors of j.
4729
Let q be 18/(-14) - (-10)/35. List the prime factors of q/3 + 70/(-15) + 836.
3, 277
Let u(v) = 506*v + 142. Suppose 0 = -3*n + 3*f, -4*n = -0*n + 5*f - 27. List the prime factors of u(n).
2, 5, 83
Let l(m) = -21*m - 21. Let f be (-3)/(0 + 3)*(-51)/(-3). What are the prime factors of l(f)?
2, 3, 7
Let w(t) = -2*t**3 - 11*t**2 - 5*t - 1. Let h be w(-5). List the prime factors of 629 - (h - -3)*3.
7, 89
Let x(k) = 2*k**3 - 7*k**2 - 24*k - 24. Let l(u) = -12*u - 4. Let i be l(-1). List the prime factors of x(i).
2, 3, 5
Let q be 9/7 - -1 - 108/378. Suppose -8*h = -3*h - 20, -3*n + q*h = -3448. List the prime factors of n.
2, 3
Let u(h) = -2*h**2 - h - 5. Let w be u(-3). Let y = w + 12. List the prime factors of (148/y - -4)*-2.
29
What are the prime factors of (-5376815)/(-584) + (-1)/(-8)?
3, 11, 31
Let k(x) = x**2 + 4*x + 46. Let d be k(0). Let h = 9 + d. Suppose -5 = 5*r, 0 = o + r - h - 91. List the prime factors of o.
3, 7
Let s be (-12 + -5)/((-1)/4). Let y = s + 100. Suppose -24 = -4*l + y. List the prime factors of l.
2, 3
Let j = -57 - -51. Let v be -794*j/60 - 2/5. Let b = -39 + v. List the prime factors of b.
2, 5
Let j = 7 - 2. Suppose 12*x = j*x + 21. Suppose 716 = 5*w + 4*f, x*w = 2*w - 5*f + 139. What are the prime factors of w?
2, 3
Suppose -6083 - 3139 = -q. Suppose 7685 = 5*i + 4*r, -2*i - r = 4*i - q. List the prime factors of i.
29, 53
Let m = 410 - 429. Let h = 7 - 5. List the prime factors of (-1 + m/(-7))/(h/49).
2, 3, 7
Suppose -4*f - 206973 = -5*j, 0 = -33*j + 35*j + 5*f - 82776. List the prime factors of j.
11, 53, 71
Let r be (-11)/(11/28) - 5. Let f be -4 - (4216/(-3) - 11/r). Suppose 8*m - f = -41. What are the prime factors of m?
2, 5, 17
Suppose -m - 2*m + 2200 = 4*h, 5*m - 5*h = 3620. Let f = m - 566. List the prime factors of f.
2, 3
Suppose -2*o = 95 - 789. Suppose 3*b - 468 = 2*z - 37, 0 = 2*z - b + 425. Let g = o + z. What are the prime factors of g?
2, 17
Suppose 39*r = 4*y + 40*r - 12, y + 12 = -4*r. Suppose y*q + 5*j - 890 = -0*q, 0 = j - 2. What are the prime factors of q?
2, 5, 11
Suppose -133*k = -137*k + 20. Suppose n - 3*n - 8 = 0, k*n + 480 = 4*p. What are the prime factors of p?
5, 23
Let x = 16 + -11. Suppose -x*n + 565 = -2*m, 2*n - 2*m - 226 = m. Let g = 189 - n. What are the prime factors of g?
2, 19
Suppose 156 = 30*j - 4*j. What are the prime factors of 5 + (-430)/(-4)*j?
2, 5, 13
List the prime factors of 127 - 121 - (1 - (2*-9557)/(-1)).
3, 6373
Let t(s) = -12*s**2 - 70*s + 16. Let v be t(-6). Suppose -852 + 282 = -n. Suppose q = -v*q + n. What are the prime factors of q?
2, 3, 19
Let n(a) = 445*a**3 + a - 1. Let v be n(1). Let w = -84 + v. What are the prime factors of w?
19
Suppose 9*m + 6*m + 1456 = 13561. List the prime factors of m.
3, 269
Let r(y) = 650*y**2 + 6634*y - 16. What are the prime factors of r(-14)?
2, 8627
Let h(p) = p**2 - 4*p - 49. Let i = -90 + 68. Let l be h(i). Let q = l - 253. What are the prime factors of q?
2, 3, 5
Suppose -4*s - 9*s + 12220 = 0. Let u = 226 + s. List the prime factors of u.
2, 11, 53
Suppose -24*s + 80233 + 56039 = 0. What are the prime factors of s?
2, 17, 167
Suppose 8152 = 4*g - 2*x, 5*g - 10190 = 32*x - 29*x. What are the prime factors of g?
2, 1019
Let o = -1946 + 3397. What are the prime factors of o?
1451
Suppose v + c - 54740 = 0, -19*v + 18*v = 3*c - 54726. What are the prime factors of v?
3, 7, 11, 79
Let q(k) = k**3 + 4*k**2 + 4*k. Let y be q(-2). Suppose y = -2*z - 165 + 1119. List the prime factors of z.
3, 53
Let q(c) = -175*c + 25. Let b(t) = -4*t + 15. Let i be b(4). What are the prime factors of q(i)?
2, 5
Suppose 14 = 2*c + 18. Suppose -77*h = -79*h - 24. What are the prime factors of 1 - (2 - c) - (2 + h)?
7
Let a = 120 + -86. Let p = a + -2